 the highest common divisor of s and 441?
49
Let d be -1 + -2 + 34 + -20. Let r(n) = n**2 + 8*n + 2. Let v be r(-9). What is the greatest common factor of v and d?
11
Let d = -10 - -13. Suppose 103 = -d*x - 425. Let u = x + 336. Calculate the greatest common factor of u and 32.
32
Suppose -3*k + k - 3*s + 6 = 0, -15 = -5*k - 2*s. Let b(f) = f + 3. Let y be b(k). Suppose -32*q + 31*q + 9 = 0. What is the greatest common divisor of q and y?
3
Let o(a) = 49*a. Let b be o(3). Suppose -182*f - 38*f = -13860. Calculate the greatest common factor of b and f.
21
Let b = -2715 + 3159. Calculate the highest common divisor of b and 156.
12
Let i = 14 - 8. Let q be (-152)/(-8) - 0*4/(-12). Suppose i*f - 589 + q = 0. What is the highest common divisor of 38 and f?
19
Let a be 69 + ((-18)/(-21))/((-6)/(-42)). What is the greatest common divisor of a and 4575?
75
Let d = 17485 + -17481. What is the highest common factor of 8412 and d?
4
Let v(f) = f + 2. Suppose -9 = -3*h + 6. Let c be v(h). Suppose -2 + 12 = 2*z, -5*t - 2*z = -290. Calculate the highest common factor of t and c.
7
Let w = 352 + -200. Suppose 0*p + 3*m = 4*p - 166, -4*p = 4*m - w. What is the highest common factor of 120 and p?
40
Let r(u) = 31*u**2 - 2*u + 6. Let w be r(-5). Let m be 9/(-6) + w/14. Let k = m - 29. What is the greatest common divisor of 39 and k?
13
Let m(o) = o**3 + 33*o**2 - 5*o + 80. Let y(j) = 2*j - 115. Let u be y(41). Let a be m(u). What is the highest common factor of a and 28?
7
Let b(y) = -129*y + 39. Let p be b(-1). Suppose p = 73*z - 71*z. Calculate the greatest common factor of z and 35.
7
Let g = -477 + 420. Let t = 123 + g. What is the greatest common factor of t and 264?
66
Let j = 45 - 35. Let o be (-4)/j - 5/((-125)/(-215)). Let i be -3*(-6)/o - -15. What is the greatest common factor of 65 and i?
13
Let r be 1876/201 - ((-8)/(-6) - 1). Suppose 43 - 97 = -9*h. Calculate the greatest common divisor of h and r.
3
Let x = 0 - -2. Let p(t) = 13*t - 18. Suppose 2*w + 50 = 54. Let g be p(w). Calculate the highest common factor of g and x.
2
Suppose -6*h - 60 = -10*h. Suppose i = -2*i + h, 0 = -3*m - 3*i + 54. Suppose 8*c + 800 = m*c. Calculate the highest common factor of c and 20.
20
Let a be 0/((-2)/2 + (-26 - -29)). Suppose a = 110*w - 105*w - 25. What is the greatest common divisor of 17 and w?
1
Suppose -101475 = -76*t + 4852 + 86333. Calculate the greatest common factor of t and 30.
15
Let h(m) = -70*m - 272. Let b be h(-5). Let y be (-396210)/(-1269) + 1 + (-11)/9. Calculate the highest common divisor of y and b.
78
Let r = -85 + 91. Suppose r*l - 215 = 37. Calculate the greatest common factor of l and 224.
14
Let g(u) = -u + 46. Suppose 8*j + 89 = -63. Let b be g(j). Suppose -13*i - 12 + 181 = 0. What is the highest common factor of b and i?
13
Suppose -4*g - 1366 = 2*a, 5*g - a = -5*a - 1706. Let y = g - -359. Calculate the highest common divisor of y and 833.
17
Let j be (20 + -23)/((-3)/(-112)). Let r = -100 - j. Let i = r - -23. What is the greatest common divisor of i and 245?
35
Let b = 55 - 60. Let x be (-2 - b) + 1*(2 - 3). Suppose -2*k + 365 - 60 = -o, -x*o = -6. What is the greatest common factor of k and 14?
14
Suppose 5*s + b - 18 = 0, -39*b + 35*b = 8. Calculate the greatest common divisor of s and 1072.
4
Let u(v) = 6*v**3 - 375*v**2 - 189*v + 59. Let c be u(63). Calculate the greatest common divisor of c and 2714.
59
Let y = -1358 + 6560. What is the highest common factor of y and 18?
18
Suppose -328 = 13*t + 11*t - 544. Let r = -3 + 4. Calculate the greatest common factor of r and t.
1
Let c(n) = 2*n**2 - 14*n + 8. Let b be c(9). Suppose -a = -3*v - 20, -104*v + 107*v - b = -a. Calculate the greatest common factor of 800 and a.
32
Suppose -8 = -3*p + 22. Suppose 0 = -5*s + 4 + 6, 0 = -5*i + 3*s + 94. Let j be -6 + i/(-5) + 30. Calculate the greatest common divisor of p and j.
10
Let k be 7*1*20/28. Let a be (-1)/((-25)/40) + (-2)/(-5). What is the greatest common factor of k and a?
1
Let q be (-3 + (-51)/(-15))*10. Let c(f) = 506*f - 4*f**2 - 42 - 454*f + 2*f**2. Let n be c(25). What is the highest common divisor of n and q?
4
Suppose -5*t + 0 = -10. Suppose t*f - 319 - 81 = 0. Let r = -110 + f. Calculate the highest common factor of r and 9.
9
Let m = -1783 - -4444. Suppose -m*z + 2657*z + 1300 = 0. What is the highest common factor of z and 100?
25
Let l(t) = -3*t**3 + 26*t**2 + 3*t - 62. Let v be l(8). What is the greatest common divisor of v and 330?
30
Suppose 2 = 13*u - 12*u. Let i(v) = 79*v + 10. Let k be i(u). Let b be 4 - 260/(4 + -9). Calculate the highest common divisor of b and k.
56
Let p = -362 + 413. Suppose 0 = -p*j + 48*j + 96. What is the greatest common divisor of j and 1?
1
Let v be 2/(-7)*-1 - (-200)/35. Suppose 2*b - 4*y = 34, 4*y + 13 = -v*b + 5*b. Suppose -9*l + 2 = -b*l. What is the greatest common divisor of l and 1?
1
Let o(p) = 3*p**2 - 7*p - 1. Let f be o(3). Suppose 2*w - 54 = -5*u, 4*w = -3*u + f*w + 28. What is the greatest common divisor of u and 130?
10
Let c(m) = -84*m + 14. Let u(b) = -b**3 - 10*b**2 - 3. Let v be u(-10). Let k be c(v). Suppose -x + k = x. Calculate the greatest common divisor of 19 and x.
19
Suppose 47*w + 15 = 52*w. Suppose -w*b + 94 = 2*k - 3*k, -5*k = -b + 22. Let s be 5/1*b/(-60)*-3. Calculate the greatest common divisor of 4 and s.
4
Suppose 4*i - 394 = 3*a + 271, 0 = -3*i - 12. Let p = a - -327. Suppose -f = -6*f + p. Calculate the greatest common factor of f and 10.
10
Let k(j) be the third derivative of 3*j**5/10 - 3*j**4/8 - 2*j**3/3 + 4*j**2 + 5*j. Let s be k(2). Calculate the highest common divisor of 70 and s.
10
Let l(h) = 2*h + 15. Let j be l(-8). Let y be (-2 - -3)/(j/(-5)). Suppose 20 = y*d - 50. What is the greatest common divisor of d and 21?
7
Let n(q) = -6*q - 7. Let z be n(-2). Suppose 4*x - 390 = x - z*k, 5*k = -15. What is the greatest common divisor of 15 and x?
15
Let q = -9 + -109. Let u = -74 - q. Calculate the greatest common divisor of 198 and u.
22
Let p = 30079 - 29952. What is the highest common factor of 17399 and p?
127
Let a = 4434 + -3957. Calculate the greatest common divisor of a and 689.
53
Let h = -306 - -343. Let c = h - 15. Calculate the highest common factor of 286 and c.
22
Let t be 293 - (-21)/14*-4. Let y be (1/3)/((-13)/(-1599)). Calculate the greatest common factor of y and t.
41
Let d be (-2 - (-38)/(-3))/((-14368)/1104 + 13). What is the highest common divisor of d and 374?
22
Let u = -237 + 131. Let j be u/(-6) + 3/9. Let c(x) = -80*x - 22577. Let a be c(-283). What is the highest common divisor of a and j?
9
Let d be (67/2)/(23/(-46)). Let r = 94 + d. Calculate the greatest common factor of r and 324.
27
Let p = -134 - -185. Suppose -8*d = p - 339. What is the greatest common factor of 84 and d?
12
Let t be 454/10 + 4/(-10). Let n = 152 - -8. Let j = n + -155. Calculate the highest common divisor of t and j.
5
Suppose 77 + 63 = 10*j. Suppose -5*m - 4*o + 66 = 0, o = -m - 0*o + j. Suppose 7*g = 130 + m. Calculate the greatest common factor of g and 4.
4
Let k(g) = -15*g - 28. Let r be k(10). Let y = r - -184. Calculate the highest common factor of y and 42.
6
Let s(i) = 6*i**3 + 3*i**2 - 3*i. Let f be s(-2). Let a be 1 - (f - (-6 - -10)). What is the greatest common factor of a and 665?
35
Let z = 137 - -143. Let a = -416 - -584. What is the highest common divisor of a and z?
56
Let u = 264 + -231. Let q be (-2 - 4)/(u/(-341)). Calculate the highest common divisor of 279 and q.
31
Suppose -5*q = 5*u - 185, -q = -3*q + 4*u + 74. Let c be (2 + -1 + -3)/((-2)/8). Let o be 2/c*(147 + (-6)/(-6)). What is the highest common divisor of q and o?
37
Let n = 12 + 18. Suppose 2*x - 5*j - 412 = 0, -12*x + 14*x + 3*j = 428. Let l = x + -193. Calculate the highest common factor of l and n.
6
Let c be 5/(-6) + (-1614)/(-36). Suppose -c*f + 182 = 50. What is the highest common factor of 2 and f?
1
Suppose -11*n + 14*n - 29 = -2*h, 0 = 4*n - 20. Suppose 11 = -4*k + 47. Suppose -k*l = -12*l + 21. What is the highest common factor of l and h?
7
Let f be 7 + 18 - -1365 - 3. Calculate the highest common factor of 247 and f.
19
Suppose -3*i = -i - 682. Let f = i - 293. What is the greatest common factor of 42 and f?
6
Suppose 6548 = 4*n + 3*j, 54*n - 331